 5772429. What are the prime factors of u?
103, 479
Suppose -5*z = -10, 892*y - 897*y = -z - 278808. What are the prime factors of y?
2, 7, 569
Suppose x + 6*u - 5 = 2*u, 0 = -5*u + 10. Let p be 3*(-3)/x + 2 - -2. Let k = p + 61. What are the prime factors of k?
2, 17
Let o = 3953 + -2413. Let t = o - 949. List the prime factors of t.
3, 197
Let x(w) = -116 - 108 + 81 - 80*w. What are the prime factors of x(-9)?
577
Let x(b) = 6 + 77*b + 11*b**2 - 28*b - 26*b - 25*b - b**3. Let h be ((-18)/8)/((-1)/4). List the prime factors of x(h).
2, 3, 5
Suppose 7 + 8 = m. Suppose -m = b + 4*b. What are the prime factors of ((-6)/b + -5)*-5?
3, 5
Let s(g) = 2*g**2 - 45*g - 10. Let r be s(-14). Suppose r = 5*w + 4*t - 567, 1261 = 4*w + t. What are the prime factors of w?
3, 5, 7
Suppose 4*a - 5455 = -2*y + 3*a, 13635 = 5*y + 3*a. List the prime factors of y.
2, 3, 5, 7, 13
Suppose -14*l + 532 = -4326. Suppose -l = 16*t - 1339. What are the prime factors of t?
2, 31
What are the prime factors of (12/28 - 0)/((-5)/(-30695))?
3, 877
What are the prime factors of (-112)/20*(-100710)/108?
2, 7, 373
Let f = -634 + 638. Suppose -5*l = -f*l - n - 174, 0 = 4*l - 6*n - 704. What are the prime factors of l?
2, 5, 17
Suppose 2*v = -4*f + 2, 0 = f - 0*f - 2*v - 3. Suppose 2*a - 4*y = 54, f = -4*y + 9. What are the prime factors of a?
31
Let s = -4867 + 6481. What are the prime factors of s?
2, 3, 269
Let g = -412 + 679. Suppose -2*q + 179 = d + 2*d, 4*d - 3*q = g. What are the prime factors of d?
3, 7
Let v(o) be the first derivative of -287*o**2/2 - 5*o + 19. List the prime factors of v(-2).
569
Let j = 11572 + -6778. List the prime factors of j.
2, 3, 17, 47
Let t be 10/(-11 - -9) - 1. Let v(n) = -n**3 + 7*n**2 - 19*n - 98. List the prime factors of v(t).
2, 11
Suppose -2*v + 29850 = a, -3*v + 27368 = 3*a - 62182. List the prime factors of a.
2, 3, 5, 199
Let f(s) = 60*s + 189. Let k(t) = -2*t. Let j(m) = -f(m) + 4*k(m). What are the prime factors of j(-10)?
491
Let z(b) = b**3 - 10*b**2 - 12*b - 27. Let g be z(11). Let h = g + 40. Suppose -82 = -h*j + 32. What are the prime factors of j?
3, 19
Let p = 56453 + -19422. List the prime factors of p.
19, 1949
What are the prime factors of ((-380)/19 - -19)/((-2)/28578)?
3, 11, 433
Suppose 0 = -2*k - 2 + 8. Suppose 2*v + k*u = 89, -2*v - 213 = -7*v + 2*u. Let d = 38 + v. List the prime factors of d.
3
Let n(k) = k**2 + 3*k + 3. Suppose 2*y + s + 2 = 5*s, 3*y = 3*s + 6. List the prime factors of n(y).
43
List the prime factors of ((-27960)/18)/(3 + 55/(-15)).
2, 5, 233
Let f(q) = -q**2 - 8*q + 3. Let x be f(-5). Suppose 3 - x = -3*k. Suppose -3*o + g + 46 = 0, 37 + 3 = 3*o + k*g. What are the prime factors of o?
3, 5
Let f = 11624 + -4004. What are the prime factors of f?
2, 3, 5, 127
Let g = 5 - -16. Let u(a) = -3*a + 9. Let j be u(g). Let f = j - -59. What are the prime factors of f?
5
Suppose -39*y = 89 + 223. List the prime factors of y*-2*9/12.
2, 3
Let v(d) = 1663*d**2 + 250*d - 999. List the prime factors of v(4).
11, 41, 59
Let a(z) = 22 + 180*z**3 - 347*z**3 + 0*z**2 + 0*z**2 - 3*z + 172*z**3. List the prime factors of a(0).
2, 11
Suppose 17*g - 10337 = 50642. What are the prime factors of g?
17, 211
Suppose 0 = -q - 3, 0 = -3*g + 7*q - 6*q + 183. Suppose -153 = 57*p - g*p. List the prime factors of p.
3, 17
Suppose 10 = 8*d - 7*d. Let p = d - -62. Suppose 2*v = p - 0. What are the prime factors of v?
2, 3
Let h be (6/(-8))/((-10)/40). Suppose -h*i = 3*u - 1095, -5 = 2*i - i. List the prime factors of u.
2, 5, 37
Suppose -49 = -32*v + 25*v. What are the prime factors of (2/v)/((-9)/(-2583))?
2, 41
Let j = 12466 + -2233. List the prime factors of j.
3, 379
Suppose 66*v - 37161 = 62*v - 5*y, 0 = y + 3. What are the prime factors of v?
2, 3, 1549
Let c(u) = -18*u + 56. Let p(l) = -1 + l - 3 - 6 + 7. Let r be p(-6). List the prime factors of c(r).
2, 109
Let g = 235 + -235. Suppose 0*o + 3*o - 3 = g, -2*o = 5*b - 427. What are the prime factors of b?
5, 17
Let f = 1595 - -975. List the prime factors of f.
2, 5, 257
Suppose -2*z + 119 + 2055 = 58. List the prime factors of z.
2, 23
Suppose -14 = 3*b - 5*b. Suppose -a - 960 = -b*a. Suppose 21*x = 17*x + a. List the prime factors of x.
2, 5
Suppose 0 = n - 3*l - 21834 - 29978, -3*l - 12 = 0. What are the prime factors of n?
2, 5, 7, 37
Let m(j) = 877*j + 9. Let p be m(3). What are the prime factors of 8 - (-8 - p/6)?
2, 3, 19
Let g(a) = 4*a**3 - 3*a**2 + 7*a - 21. Suppose -4*s + 15 + 5 = 0. List the prime factors of g(s).
439
Suppose c - 3*v + v + 4 = 0, 4*c - 17 = -3*v. Suppose c*b = -3*a + 6*a + 1005, 2470 = 5*b + a. List the prime factors of b.
3, 5, 11
Let g(x) be the first derivative of 29*x**3/3 - 3*x**2/2 - 438. Suppose -1 - 3 = -2*w. List the prime factors of g(w).
2, 5, 11
Let a be 0*(-9)/36*(2 - -2). What are the prime factors of 946 + -3 + -1 + (a - 5)?
937
Let l(v) = 9*v**2 + v - 1. Let t(i) = -4*i + 13. Let d be t(3). Let b be l(d). Suppose -b*s = -6*s - 453. What are the prime factors of s?
151
Let i(c) = -c + 3. Let n = 33 + -33. Let g be i(n). Suppose 101 = 3*s + 5*m, -51 = -s - g*m - 12. What are the prime factors of s?
3
Let r(m) = 90*m - 19 - 155*m - m**2 + 86*m. What are the prime factors of r(10)?
7, 13
Suppose -6 = -3*w, 4*d + w - 141 = 457. What are the prime factors of d?
149
Let w = 15823 - 15360. List the prime factors of w.
463
Let n(b) = 6*b**2 + 43*b + 471. List the prime factors of n(-17).
2, 11, 67
Suppose 0 = -2*p - 2, 5*i - 4*p - 7547 + 363 = 0. Suppose 0 = 5*h + i - 4556. List the prime factors of h.
2, 3, 13
Let n = 5662 + 53062. What are the prime factors of n?
2, 53, 277
Suppose -4*h + 3*b + 8 = -2*b, -3*b + 2 = h. Suppose q = 2*m - 1723, h*q - 1521 - 1945 = -4*m. List the prime factors of m.
2, 3
What are the prime factors of (6*-5)/(18/(-261))?
3, 5, 29
Suppose -12*n + 4*n + 48 = 0. Suppose -5*q + 1304 = -2*p + n*p, 4*p = 4. What are the prime factors of q?
2, 5, 13
Suppose -4*f - 414 = -s, -4*s - 2*f = -78 - 1578. Let j(o) = 2*o**2 - o - 14. Let q be j(10). Suppose -179*b + q*b + s = 0. What are the prime factors of b?
2, 3, 23
Let w(g) = -28378*g - 560. List the prime factors of w(-2).
2, 3, 7, 223
Let g(l) be the second derivative of -l**4/12 + l**3/6 + 39*l**2/2 - l. Let c be g(0). What are the prime factors of (1 - c/21)*-154?
2, 3, 11
Suppose 30*q - 18*q = 96. Suppose -4*r + 4*x = -q*r + 2844, 0 = 5*r - 5*x - 3545. List the prime factors of r.
2, 5, 71
Suppose 0 = -137*m + 2917036 - 313625. List the prime factors of m.
31, 613
Let w(z) = 3*z**3 + z**2 + 6*z - 7. Let i be w(6). Let f = i - 462. Suppose 7*v - 246 - f = 0. What are the prime factors of v?
71
Let p = -7438 - -11994. List the prime factors of p.
2, 17, 67
Let k(w) = -w**3 - 9*w**2 - 2*w - 18. Let y be k(-9). Suppose g - 65 - 302 = y. What are the prime factors of g?
367
Suppose -16*g = -172 - 4. Suppose 0 = g*m - 2179 - 3145. List the prime factors of m.
2, 11
List the prime factors of (18*4/(-40))/(1842659/230335 - 8).
3, 6581
What are the prime factors of 15/35 + (-6)/(126/(-277401)) + 1?
11, 1201
Suppose -4*y - 3 = 3*a - 7*y, 3*y = 2*a + 5. Suppose -26 = a*f - 192. What are the prime factors of f?
83
Suppose -31*u - 16605367 = -480*u. What are the prime factors of u?
31, 1193
Suppose 0 = -52*z + 53*z - 1. List the prime factors of z/((-2)/(-7) + 19760/(-69552)).
3, 23
List the prime factors of -3 + 9850 + -12 + -3.
2, 1229
Suppose 58*f - 60*f + 8 = 0. Let i be (-22)/(-8) - (-1)/f. Suppose -i*r = -3*z - 93, 2*z = -r - 15 + 55. What are the prime factors of r?
2, 17
Let a(r) = -r + 4. Let f = -81 + 82. Let m be a(f). Suppose -m*b - 18 = -6*b. List the prime factors of b.
2, 3
Let q = -14 - -11. Let b be q/(-6)*-1*-48. Suppose 2*r - 130 = -b. List the prime factors of r.
53
Suppose 2*o - 11 = 3*v, 1 - 6 = -o + 2*v. Suppose -1827 = -o*p - 14*p. What are the prime factors of p?
3, 29
Let g(w) = 13*w**2 - 2*w + 3 - w**3 - 5*w - w - 4*w. Let v be g(12). Suppose -i - z = -5*i + 947, -5*i = v*z - 1205. List the prime factors of i.
2, 7, 17
Suppose 5*x - p = -5, -5*x = -0*x + 3*p + 25. What are the prime factors of ((-3)/x)/((-3)/(-1302)) + -1?
2, 5, 13
List the prime factors of (-2 + 0)*-4 - ((-753280)/22 - -20).
2, 43, 199
Let j(d) = 13*d - 91. Let w be j(25). Let l